. Let c be r(-4). What is the greatest common divisor of c and m?
4
Let f be (-2)/(-8)*41*8. What is the greatest common factor of 205 and f?
41
Let a be ((-8)/(-5))/(14/35). Let h be (-22)/(-6) + (-2)/3. Suppose -y - h*d = y - 24, -2*d = a*y - 64. What is the highest common factor of y and 90?
18
Let d = 201 - 135. Suppose -3*m = -2*y + y - 263, 3*m = -y + 271. Let s be m/4 + 2/(-8). Calculate the highest common factor of s and d.
22
Suppose -3*s - 2*s = -150. Calculate the greatest common factor of 15 and s.
15
Suppose 7 - 16 = -3*c. What is the greatest common factor of c and 21?
3
Let p(w) = w**2. Let h = 7 + -5. Suppose 23 = 3*z - 5*r, 2*z - h*r = 3*r + 17. Let g be p(z). What is the highest common factor of g and 24?
12
Suppose 5*a - 482 = -2. Let s be -2 + 0 - (-14 + 0). What is the highest common factor of s and a?
12
Suppose 4*n - 12 = -4*h, 4*h = 3*n - n - 12. Let a be (-2)/n*-106 + 3. Calculate the greatest common factor of a and 7.
7
Let o(g) = g + 2. Let a be o(3). Let d(u) = 21*u + 5. Let i be d(a). Calculate the highest common divisor of i and 10.
10
Let u(g) = 3*g**2 + g. Let n be u(-1). Let p be 20 + (1 - n) - 2. Calculate the greatest common divisor of 51 and p.
17
Let i = 0 - 0. Suppose i*n + 3 = n. Let f be -1 + n/((-3)/(-10)). What is the greatest common divisor of f and 45?
9
Let d(p) = p**2 + 6*p - 4. Let y be d(8). Suppose -2*f - 438 - 854 = -5*r, -1284 = -5*r + 4*f. Let k = r - y. Calculate the highest common divisor of k and 19.
19
Let u be 3/(84/26 - 3). What is the highest common divisor of u and 91?
13
Let t = 135 + -80. Suppose 2*u + 4 = -12. Let v = -3 - u. Calculate the greatest common factor of t and v.
5
Suppose 3 + 0 = -3*a. Let p = -2 - a. Let t(w) = 5*w**2. Let d be t(p). What is the highest common divisor of 2 and d?
1
Let q be 258/10 - 3/(-15). Suppose x = -x + 130. What is the greatest common factor of x and q?
13
Let x(z) = -z**3 - 4*z**2 + 4*z. Let j be x(-5). Suppose -6*p + 28 = -j*p. Calculate the greatest common factor of 42 and p.
14
Let a(p) = 15*p. Let w be a(4). Calculate the highest common factor of 20 and w.
20
Suppose -3*r - 3 = -6. Suppose 5*n - 9 = -t - 23, 5*n - 5*t - 10 = 0. Let s be -1 - (-5)/((-5)/n). What is the highest common factor of s and r?
1
Let i = -49 + 74. Calculate the highest common divisor of i and 50.
25
Suppose 5*r - 19 - 256 = 0. Calculate the highest common factor of 5 and r.
5
Suppose 2*i - 60 = -i. Calculate the highest common divisor of i and 220.
20
Suppose 17*m = 19*m - 4. Calculate the greatest common factor of m and 4.
2
Suppose -4*f + 29 = 3*a - 34, -74 = -4*a - 2*f. Calculate the greatest common factor of 85 and a.
17
Let r(w) = -w**2 - 4*w + 1. Let f be r(-3). Let d be 9/2 + (-2)/f. Let m = d + -1. What is the greatest common factor of m and 1?
1
Let a(k) = -2*k + 4. Let y be a(-1). Calculate the highest common divisor of y and 12.
6
Suppose -4*o = b + b - 12, -8 = -2*b - 2*o. Suppose b*v - 17 = 3. What is the highest common factor of 40 and v?
10
Let i(j) = -9*j - 13. Let b be (0 - -6)/((-4)/(-20)). Suppose 2*h + b = -h. Let a be i(h). Calculate the highest common divisor of a and 7.
7
Suppose 15 = j - 16. Suppose -4*a - y + j = 4*y, 0 = -5*a - y + 44. Suppose 5*g - 4*z = z + 20, 0 = -g + 2*z + 5. What is the highest common factor of g and a?
3
Suppose 20 = 6*g - g. Let f be (-6)/g*(-28)/6. Calculate the greatest common divisor of f and 77.
7
Let z(w) = w**3 + 8*w**2 - 4*w - 12. Let o be z(-8). Suppose 0 = -5*n + 220 - 70. Let d be n/4*4/3. What is the greatest common factor of d and o?
10
Suppose -4*t = -2*o - 14, -2*t + 2 + 0 = -2*o. Suppose t*h = 2*h + 44. Suppose 0 = v - 1 - 10. Calculate the highest common divisor of v and h.
11
Let z(b) = -b + 3. Let p be z(-4). Let k be 1 - (1/1 - 2). Suppose -k = -n + 68. Calculate the highest common factor of n and p.
7
Suppose 0 = -10*o + 130 + 50. Let d = 24 - 15. Calculate the greatest common divisor of d and o.
9
Let y(o) = -88*o**3 + o**2 - 1. Let l be y(-1). What is the highest common factor of l and 11?
11
Let n = -6 - -17. What is the greatest common factor of 11 and n?
11
Let r be 155/(-20) + 1/(-4). Let v = 24 + r. Calculate the greatest common factor of v and 48.
16
Let w(c) = -c**3 - 2*c**2 - 5*c - 5. Let x be w(-2). Calculate the greatest common divisor of x and 35.
5
Let s(t) = 6*t + 1. Let o be s(1). Let b = o + 2. Let h(d) = 5*d**3 + 2*d - 1. Let z be h(1). Calculate the greatest common factor of b and z.
3
Suppose -2*d + 25 = 3*d. Suppose -4*m = d*c - 59, -5*c - 8 + 83 = 5*m. Calculate the highest common factor of m and 112.
16
Suppose 0*o + 684 = -3*o. Let y(h) = 6*h**3 + h**2 + 3*h + 3. Let a be y(4). Let r = o + a. What is the greatest common factor of r and 17?
17
Suppose 3*c - 43 = 5*n, -5*c = -4*n - 24 - 65. Calculate the greatest common factor of 21 and c.
21
Let h = -22 + 62. Suppose -i + h = -81. What is the greatest common factor of i and 11?
11
Suppose r + 16 = 3*r. Suppose j + j = r. What is the highest common factor of j and 28?
4
Suppose -103 = 5*k - 323. Let c be 1/(-4) + 225/20. Calculate the greatest common factor of c and k.
11
Suppose 0 = -2*l - 2*x - 0*x + 6, 2*l + 4*x - 4 = 0. What is the highest common factor of 20 and l?
4
Let p be (3 - 258/(-8)) + 1/(-4). Calculate the greatest common divisor of p and 7.
7
Let k be (-21)/28 + 3/4. Suppose 5*s + w - 80 = k, s - 3*s + 59 = -5*w. Calculate the greatest common factor of s and 51.
17
Let a = 11 - 19. Let u be a*1/(-2) + 0. What is the highest common factor of u and 32?
4
Let o = 38 - 36. Let j(v) = v - 9. Let u be j(7). Let g be u + (-7)/((-14)/12). What is the greatest common divisor of g and o?
2
Suppose 1 = 4*h + 3*q - 4, 3*h + 10 = -5*q. Let y(k) = k**3 - 2*k**2 + k - 4. Let r be y(h). Calculate the greatest common divisor of r and 19.
19
Suppose 3*i - 4*i = -38. Calculate the highest common factor of 57 and i.
19
Suppose 5*s - 448 = 542. Calculate the greatest common factor of s and 18.
18
Let s = -1153 - -1627. Suppose s = 5*q - 66. What is the greatest common factor of 12 and q?
12
Suppose 15 = 2*p + 23. Let t be (21/(-3))/(p/8). What is the highest common factor of 35 and t?
7
Let c(a) be the first derivative of a**4/2 - a**3 + 2. Let z be c(2). Let o = 6 - 4. Calculate the highest common factor of z and o.
2
Let g be 15/9 + (-4)/6. Suppose 0 = 2*u - g + 7. Let m be ((-110)/u)/(2/6). Calculate the highest common divisor of 10 and m.
10
Suppose 29 = 3*z - 1. Suppose z = 2*b + 3*b. Suppose -3*m + 100 = b*m. What is the greatest common factor of m and 140?
20
Suppose m - 4*a - 45 = -15, 5*m - 167 = 3*a. Let x be 88/(-6)*-6 + 0 + -3. Calculate the greatest common factor of x and m.
17
Let m be (-15)/(-5)*(6 + -3). What is the highest common factor of 63 and m?
9
Suppose -90 + 62 = -4*o. What is the highest common factor of o and 49?
7
Let q be ((-14)/8)/((-6)/192). Calculate the highest common divisor of 24 and q.
8
Let p = -50 - -64. Calculate the greatest common factor of p and 98.
14
Let b = -61 + 171. Let n be (-20)/30 - 32/(-3). What is the greatest common divisor of n and b?
10
Let p(a) = a + 2. Let b be p(-1). What is the highest common factor of b and 11?
1
Suppose -2*p - 3*p = -30. What is the highest common factor of p and 2?
2
Let d(n) = -n + 22. Let i be d(4). Calculate the greatest common divisor of i and 198.
18
Suppose -4 = -c + 8. Let r be (8/c)/((-2)/(-198)). Suppose -3*m = 3*h - 24, h - 5*m - 3 = -7. Calculate the highest common factor of r and h.
6
Let x be 2/(-3) - (-560)/30. What is the greatest common factor of x and 27?
9
Suppose d - 225 = -5*a, -57 = -d - 2*a + 177. What is the greatest common divisor of d and 32?
16
Suppose -3*x - 3*q + 6 = -0*x, 4*x - 2*q = 2. Let n = 6 + -4. Calculate the highest common factor of x and n.
1
Let d be -7*((-4)/2 + 1). Suppose -2*j + d*j = 160. Calculate the greatest common factor of j and 8.
8
Suppose -y - 3*y = -28. Let j = y - 5. Suppose 0 = j*f - 5*f + 12. Calculate the greatest common divisor of 28 and f.
4
Suppose 4*t = -4*g + 12, 3*t + 0 = 5*g - 23. Suppose 0 = 5*w - 3*c - 56, w + c + 36 = g*w. Calculate the highest common factor of 52 and w.
13
Let s be 24/(-30)*5*-7. What is the highest common divisor of 112 and s?
28
Let i(m) = m + 4. Let k(t) = 1. Let b(p